17
Calculate the greatest common factor of 11180 and 55757455.
2795
Calculate the highest common divisor of 182848657 and 1327.
1327
Calculate the highest common factor of 225 and 4316805.
45
What is the highest common divisor of 18 and 10878498?
18
What is the highest common divisor of 52 and 41020460?
52
Calculate the highest common divisor of 128 and 72869536.
32
What is the highest common factor of 23 and 133093364?
23
Calculate the greatest common factor of 202545 and 2564927.
643
Calculate the highest common factor of 269042100 and 32900.
4700
Calculate the highest common divisor of 756088 and 1784.
8
Calculate the greatest common divisor of 16 and 200541808.
16
What is the highest common factor of 42550 and 151478?
1702
Calculate the highest common factor of 55671 and 13440.
21
What is the greatest common divisor of 150471965 and 11809?
1687
What is the highest common divisor of 1104442 and 194?
194
What is the greatest common divisor of 528 and 1605384?
264
Calculate the greatest common factor of 735923 and 1337.
191
Calculate the greatest common divisor of 109545 and 565383.
327
What is the greatest common divisor of 152 and 1063544?
152
Calculate the greatest common divisor of 71869239 and 117.
117
Calculate the greatest common divisor of 8469 and 1721089.
941
What is the greatest common divisor of 18714033 and 82836?
6903
Calculate the highest common divisor of 1296 and 426012.
12
Calculate the greatest common divisor of 149715 and 91305.
45
Calculate the highest common divisor of 17402 and 495026.
14
What is the greatest common divisor of 27376008 and 1452?
1452
What is the highest common divisor of 1196 and 13841216?
92
What is the highest common divisor of 38 and 229459219?
19
Calculate the highest common factor of 15660 and 195.
15
Calculate the highest common divisor of 120129478 and 9748.
4874
What is the greatest common factor of 44125 and 47655?
1765
What is the highest common divisor of 18232 and 130168?
424
Calculate the highest common factor of 48 and 14975112.
24
Calculate the highest common factor of 9160 and 517292680.
9160
Calculate the greatest common divisor of 2029440 and 880.
80
Calculate the highest common factor of 352 and 11978656.
32
Calculate the highest common factor of 204941308 and 572.
572
What is the greatest common divisor of 22 and 293458?
22
Calculate the greatest common divisor of 205 and 3718290.
205
Calculate the greatest common factor of 7226532 and 36284.
188
What is the greatest common divisor of 102501 and 639?
9
Calculate the greatest common factor of 7164 and 80048745.
1791
Calculate the highest common factor of 1845 and 300408435.
1845
Calculate the highest common divisor of 29569738 and 121.
121
Calculate the highest common divisor of 264870 and 7938.
162
Calculate the highest common divisor of 504453476 and 12.
4
What is the highest common divisor of 21967227 and 108?
27
What is the highest common factor of 183 and 2542467129?
183
What is the highest common divisor of 61516 and 290056?
52
Calculate the greatest common divisor of 21284 and 2276.
4
What is the highest common divisor of 4212745 and 310?
155
Calculate the highest common divisor of 5118 and 12649137.
2559
What is the greatest common factor of 15054126 and 42?
6
What is the highest common factor of 2970 and 30323040?
330
What is the greatest common divisor of 928956270 and 10?
10
What is the greatest common divisor of 27955632 and 120?
24
Calculate the highest common factor of 1134342091 and 739.
739
What is the greatest common factor of 230039 and 265075?
461
Calculate the greatest common factor of 9940 and 3555680.
1420
Calculate the greatest common factor of 6688 and 1327264.
608
What is the highest common divisor of 994415 and 8075?
85
What is the greatest common factor of 4233735 and 161865?
1485
Calculate the greatest common factor of 4589 and 3036506.
353
Calculate the highest common factor of 28325 and 1480831.
1133
What is the greatest common factor of 308525 and 16509850?
7525
What is the highest common divisor of 91 and 284618399?
13
Calculate the highest common factor of 187511 and 238773.
1349
What is the highest common factor of 155104 and 17652256?
1184
What is the greatest common divisor of 34889 and 351114?
139
What is the highest common divisor of 1030 and 51710?
10
Calculate the highest common factor of 13451770 and 10.
10
What is the greatest common divisor of 903 and 2802611?
301
Calculate the highest common divisor of 1876816 and 3024.
16
Calculate the greatest common divisor of 670 and 438448.
134
What is the greatest common divisor of 288735685 and 7?
7
Calculate the highest common factor of 3530688 and 10934.
994
Calculate the greatest common factor of 4438848 and 28914.
366
Calculate the highest common divisor of 253 and 27185114.
11
Calculate the highest common factor of 7434 and 33474.
42
Calculate the greatest common divisor of 46168 and 4151538.
398
Calculate the highest common factor of 4833395 and 70.
35
Calculate the greatest common divisor of 21845 and 183179063.
4369
Calculate the greatest common factor of 213 and 86037.
3
What is the greatest common factor of 8207 and 8235583?
283
What is the highest common factor of 542812 and 1855074?
2798
What is the greatest common divisor of 6051 and 183417?
3
What is the greatest common factor of 1320 and 164701020?
660
What is the greatest common factor of 119835350 and 206?
206
Calculate the highest common divisor of 49590 and 30324836.
1102
What is the greatest common factor of 1932 and 235473126?
966
Calculate the highest common factor of 1161 and 10909014.
129
What is the highest common factor of 6090 and 2986130?
2030
What is the greatest common factor of 35 and 3656706445?
35
Calculate the highest common divisor of 116561 and 55647.
229
Calculate the highest common factor of 104 and 103391140.
4
Calculate the highest common factor of 9962 and 879716.
34
Calculate the greatest common factor of 14273 and 84707.
7
What is the greatest common divisor of 6688 and 41500096?
352
Calculate the highest common divisor of 180 and 118820.
20
Calculate the greatest common factor of 876795 and 480.
15
Calculate the greatest common factor of 25288 and 13235107.
3161
Calculate the greatest common factor of 13998205 and 845.
65
What is the highest common divisor of 159545090 and 3735?
415
What is the greatest common factor of 250346 and 1548?
86
Calculate the greatest common divisor of 654864 and 483168.
336
What is the greatest common divisor of 4539 and 109341039?
267
What is the highest common factor of 122075 and 6797136?
4883
Calculate the greatest common divisor of 18 and 51198201.
9
What is the highest common divisor of 377 and 283757344?
377
What is the highest common divisor of 80 and 1478545?
5
What is the greatest common factor of 5074139 and 7777?
707
What is the greatest common factor of 7429 and 14930542?
437
Calculate the highest common factor of 182545357 and 431008.
13469
What is the highest common factor of 378066 and 8880?
222
Calculate the greatest common factor of 1368 and 1100305656.
1368
Calculate the greatest common divisor of 1090204 and 65144.
1916
What is the highest common divisor of 64158 and 25974?
222
Calculate the highest common divisor of 81167744 and 98.
14
What is the highest common factor of 63 and 137000850?
21
What is the highest common factor of 23180 and 31874818?
2318
What is the greatest common factor of 26595 and 114075?
135
What is the greatest common divisor of 1045 and 114548150?
95
What is the highest common factor of 1608 and 8259492?
804
Calculate the greatest common divisor of 190 and 1860410.
10
What is the highest common divisor of 10641066 and 30?
6
Calculate the greatest common factor of 50 and 188224.
2
Calculate the highest common divisor of 61429445 and 231.
77
What is the greatest common divisor of 3690 and 44588730?
1230
Calculate the highest common factor of 2751488 and 544.
32
What is the highest common factor of 87210285 and 24738?
1767
Calculate the highest common factor of 2250041 and 2.
1
What is the greatest common factor of 283398 and 558750?
894
What is the highest common factor of 479 and 229086061?
479
Calculate the greatest common factor of 23336397 and 1136646.
5859
What is the highest co